557
Let p(a) = -a**3 - 72*a**2 - 341*a - 386. Give p(-67).
16
Let d(k) = k**3 - 43*k**2 + 12*k - 514. What is d(43)?
2
Let r(d) = -3*d**3 - d**2 + 26*d + 43. Calculate r(-4).
115
Let y(l) = 41*l**2 - 1069*l - 17. What is y(26)?
-95
Let o(i) = 162*i - 4723. Determine o(28).
-187
Let r(w) = -2*w**3 - 161*w**2 - 879*w + 67. Determine r(-6).
-23
Let u(c) = 84*c**2 - 509*c - 10. Determine u(6).
-40
Let a(r) = 13*r**3 - 297*r**2 - 46*r + 3. Calculate a(23).
3
Let n(j) = 3*j + 106. Give n(-21).
43
Let z(i) = -13*i**2 - 72*i + 75. Determine z(1).
-10
Let s(u) = 9*u**2 + u + 15. Determine s(3).
99
Let y(g) = -3*g - 135. Give y(-19).
-78
Let n(j) = 3*j**2 - 86*j + 384. What is n(23)?
-7
Let o(f) = f**3 + 12*f**2 - 23*f - 24. Calculate o(-13).
106
Let w(k) = -153*k - 970. Determine w(-6).
-52
Let w(g) = -g**3 - 26*g**2 - 4*g - 60. What is w(-26)?
44
Let k(f) = 3*f**2 + 70*f + 361. Determine k(-16).
9
Let x(g) = -122*g + 3936. Give x(31).
154
Let q(y) = -2*y**3 - y**2 + 1074*y - 2144. Calculate q(2).
-16
Let h(x) = x**3 + 29*x**2 + 29*x - 9. Determine h(-28).
-37
Let o(v) = -v**3 + 22*v**2 + 125*v + 144. Give o(-3).
-6
Let q(s) = 79*s - 8126. What is q(103)?
11
Let x(o) = -11*o + 174. What is x(11)?
53
Let y(v) = 290*v + 118. Give y(1).
408
Let w(o) = o**3 + 80*o**2 + 87*o + 637. What is w(-79)?
5
Let c(t) = -t**3 + 63*t**2 - 144*t + 1348. Determine c(61).
6
Let m(s) = 2*s**3 - 127*s**2 + 189*s - 111. Give m(62).
75
Let h(a) = 62*a - 1843. Determine h(31).
79
Let f(r) = 81*r - 3114. Determine f(38).
-36
Let u(n) = -n**3 - 45*n**2 + 43*n - 155. Calculate u(-46).
-17
Let u(z) = 339*z - 22385. What is u(66)?
-11
Let t(k) = -98*k + 319. Calculate t(2).
123
Let p(m) = -93*m - 11902. Calculate p(-128).
2
Let g(u) = -168*u - 1689. Calculate g(-10).
-9
Let r(w) = -w**2 - 7*w + 11282. Calculate r(-110).
-48
Let k(d) = -1059*d + 1053. What is k(1)?
-6
Let p(g) = -109*g - 10. Determine p(-2).
208
Let d(p) = p**2 + 19*p - 19370. What is d(-149)?
0
Let o(n) = n**3 + 21*n**2 + 14*n - 109. Calculate o(-20).
11
Let r(d) = -d**3 - 51*d**2 - 76*d - 1390. Determine r(-50).
-90
Let q(n) = n**3 + 7*n**2 - 62*n + 28. Give q(-13).
-180
Let g(z) = 21*z + 78. Calculate g(-6).
-48
Let d(a) = -6*a + 67. Calculate d(26).
-89
Let f(q) = -q**2 - 18*q - 50. Calculate f(-4).
6
Let o(j) = 4*j - 97. Determine o(23).
-5
Let l(w) = -85*w - 6115. Give l(-72).
5
Let h(c) = 84*c**2 - 339*c + 9. What is h(4)?
-3
Let j(k) = 319*k + 1262. Determine j(-4).
-14
Let a(j) = -j**3 + 6*j**2 + 4*j - 28. What is a(6)?
-4
Let c(h) = 1024*h**2 - 16*h + 14. Give c(1).
1022
Let b(n) = -n**2 + 41*n + 743. Calculate b(-15).
-97
Let n(h) = h**3 - 47*h**2 + 366*h + 195. Calculate n(37).
47
Let v(b) = -7*b**3 + 251*b**2 - 247*b - 6. What is v(1)?
-9
Let g(k) = 393*k**3 + 5*k - 4. Calculate g(1).
394
Let g(t) = t**3 + 84*t**2 - 173*t - 106. Determine g(-86).
-20
Let g(u) = 2920*u + 58403. Determine g(-20).
3
Let h(i) = -92*i**2 - 814*i + 13. What is h(-9)?
-113
Let v(j) = j**3 - 5*j**2 + 4*j + 7. Give v(3).
1
Let v(g) = -g**3 - g**2 - 5*g + 30. What is v(3)?
-21
Let v(b) = -25*b + 2141. Calculate v(76).
241
Let o(n) = -5*n**2 - 51*n - 215. Give o(-4).
-91
Let p(z) = 9*z**2 - 655*z - 143. Determine p(73).
3
Let r(g) = -g**3 - 36*g**2 - 60*g - 819. Give r(-35).
56
Let m(s) = -3*s**2 + 371*s + 1485. What is m(-4)?
-47
Let n(w) = 371*w + 2291. Calculate n(-6).
65
Let o(h) = 29*h**2 + 178*h + 33. Calculate o(-6).
9
Let w(v) = -v**3 + 31*v**2 - 42*v + 420. What is w(30)?
60
Let t(i) = -i**3 - 27*i**2 + 2*i - 614. Determine t(-28).
114
Let f(l) = l**3 + 3*l**2 - 6*l - 42. Determine f(6).
246
Let j(t) = -t**3 + 18*t**2 + 45*t - 101. Calculate j(20).
-1
Let x(p) = -p**2 - 165*p + 6527. What is x(33)?
-7
Let n(s) = s**3 - 6*s**2 - 190*s + 46. Determine n(17).
-5
Let w(t) = -10*t + 369. What is w(17)?
199
Let y(k) = -744*k + 104907. Give y(141).
3
Let m(j) = j**3 - 689*j**2 - 4168*j + 15. Determine m(-6).
3
Let i(a) = a**3 + 3*a**2 - 7*a - 10. What is i(-2)?
8
Let z(o) = -3*o**3 - 4*o + 15. Determine z(5).
-380
Let d(h) = h**3 - 20*h**2 + 31*h + 21. What is d(18)?
-69
Let o(t) = -t**2 + 129*t - 3509. Calculate o(90).
1
Let i(x) = x**3 - 5*x**2 + 75*x - 222. Give i(3).
-15
Let w(t) = -t**2 + 30*t + 28. Calculate w(12).
244
Let p(k) = k**2 + 35*k + 314. Calculate p(-16).
10
Let y(i) = 3*i**3 + 53*i**2 + 202*i + 40. Give y(-12).
64
Let m(v) = 16*v**3 - 9*v**2 - 182*v + 191. What is m(1)?
16
Let f(p) = -2*p**2 - 3580*p - 24965. Determine f(-7).
-3
Let l(z) = -z**3 + 4*z**2 + 103*z - 493. Give l(6).
53
Let c(a) = -a**3 + 58*a**2 + 116*a + 240. Determine c(60).
0
Let o(u) = 3*u**2 + 27*u + 19. Calculate o(-9).
19
Let b(a) = 10*a + 37. Determine b(-11).
-73
Let f(t) = 2*t + 28. Give f(10).
48
Let c(j) = 54*j + 2919. Determine c(-54).
3
Let r(h) = 184*h + 12. Determine r(0).
12
Let f(n) = 30*n**2 + 2*n + 1. Give f(-1).
29
Let t(i) = 13*i**2 + i - 7. What is t(4)?
205
Let a(b) = -3*b**3 + 9*b**2 + 263*b - 1. What is a(11)?
-12
Let d(b) = -b**2 + 98*b + 301. What is d(-3)?
-2
Let v(n) = -20*n - 163. What is v(-12)?
77
Let h(b) = 2*b**3 - 17*b**2 + 2*b + 5. Calculate h(8).
-43
Let b(r) = -r**3 - 42*r**2 - 42*r - 54. Determine b(-41).
-13
Let f(o) = o**3 - 2*o**2 - 14*o - 7. Calculate f(5).
-2
Let k(b) = b**3 - 45*b**2 - 48*b + 160. Calculate k(46).
68
Let y(h) = -h**2 - 189*h - 7804. Give y(-61).
4
Let p(z) = -5*z**2 + 172*z + 11. What is p(34)?
79
Let t(z) = z**2 + 18*z + 117. Give t(-7).
40
Let l(f) = 11*f - 146. Determine l(16).
30
Let m(a) = a**3 - 8*a**2 - 215*a + 122. Give m(19).
8
Let g(h) = -412*h - 3700. Determine g(-9).
8
Let a(o) = o**3 - 19*o**2 - 43*o + 10. Calculate a(21).
-11
Let y(i) = -i**2 + 2*i - 80. Calculate y(0).
-80
Let q(k) = -k**2 + 286*k - 3470. Give q(13).
79
Let z(b) = b**3 + 18*b**2 - b - 315. Determine z(-17).
-9
Let o(p) = 19*p**2 - 663*p + 573. Calculate o(34).
-5
Let q(g) = -132*g + 1336. Calculate q(10).
16
Let n(h) = -h**2 + 33*h + 689. Give n(-19).
-299
Let d(h) = -7*h**3 - 28*h**2 + 23*h + 97. What is d(-4)?
5
Let s(y) = 17*y - 63. Determine s(7).
56
Let d(x) = -3*x**3 - x**2 + 12*x + 7. Give d(2).
3
Let h(w) = -147*w - 13407. Give h(-91).
-30
Let t(m) = 77*m + 868. Calculate t(-11).
21
Let p(t) = 143*t - 146. Calculate p(-6).
-1004
Let a(p) = 2*p**2 - 52*p + 388. What is a(9)?
82
Let c(y) = 14*y - 652. Determine c(47).
6
Let z(y) = -30*y - 5. What is z(-2)?
55
Let u(f) = -f**3 - 14*f**2 - 39*f + 2. Calculate u(-12).
182
Let k(h) = 30*h + 306. What is k(-10)?
6
Let v(w) = w**3 - 15*w**2 + 82*w - 373. Determine v(10).
-53
Let k(p) = 2*p**2 - 38*p - 21. Calculate k(9).
-201
Let r(c) = -c**3 + 15*c**2 - 46*c - 25. Determine r(10).
15
Let q(s) = -s**2 + 4*s + 188. Give q(-12).
-4
Let w(g) = -g**2 + 8*g. Determine w(1).
7
Let m(x) = 8*x**2 - 28*x + 91. Determine m(4).
107
Let k(c) = -4*c**2 - 106*c - 44. Calculate k(-25).
106
Let g(w) = -838*w + 1673. What is g(2)?
-3
Let h(n) = n**2 - 8*n + 7. Give h(-6).
91
Let z(u) = -u**3 - 12*u**2 - 33*u - 11. Determine z(-8).
-3
Let c(o) = 2*o**3 - 22*o**2 + 16*o - 65. Give c(11).
111
Let m(j) = -4*j**2 + 665*j + 502. Calculate m(167).
1
Let c(r) = 56*r**2 - 280*r - 6. Give c(5).
-6
Let t(x) = 5*x**2 - 111*x + 11. Determine t(23).
103
Let d(n) = -5*n - 21. Give d(-16).
59
Let y(q) = q**2 - 100*q + 1211. Calculate y(86).
7
Let s(r) = -1009*r + 23207. What is s(23)?
0
Let o(c) = -3*c**2 + 64*c - 118. Calculate o(2).
-2
Let q(b) = -21*b - 7. Give q(-3).
56
Let j(k) = -11*k + 183. What is j(17)?
-4
Let m(r) = r**3 + 17*r**2 + 55*r - 72. Determine m(-12).
-12
Let c(t) = t**3 - 12*t**2 + 5*t + 53. Give c(10).
-97
Let m(o) = 13*o - 17. Determine m(2).
9
Let o(n) = n**3 - 38*n**2 - 53*n + 566. What is o(39)?
20
Let o(f) = -254*f - 26422. What is o(-104)?
-6
Let a(w) = -20*w**2 + 81*w + 167. Determine a(-2).
-75
Let p(g) = 2*g**3 - 8*g**2 - 28*g + 3. Give p(6).
-21
Let o(t) = 5*t**2 + 41*t - 49. Calculate o(-10).
41
Let v(f) = 2*f**3 - 63*f**2 + 35*f - 144. Determine v(31).
-20
Let a(w) = -30*w + 29. Calculate a(11).
-301
Let f(t) = 105*t**3 + 16*t**2 - 6*t - 23. Determine f(-1).
-106
Let u(h) = 35*h**2 + 1750*h - 14. Calculate u(-50).
-14
Let z(r) = -r**2 + 2*r + 15. Determine z(-9).
-84
Let a(o) = 6*o**2 - 210*o + 390. What is a(33)?
-6
Let y(k) = 72*k - 280. Give y(